{"id":50312,"date":"2025-02-02T17:59:47","date_gmt":"2025-02-02T16:59:47","guid":{"rendered":"https:\/\/zonta.se\/?post_type=events&#038;p=50312"},"modified":"2025-12-14T11:23:04","modified_gmt":"2025-12-14T10:23:04","slug":"februarimote-i-kungalvs-zontaklubb-skara-gardsbageri","status":"publish","type":"events","link":"https:\/\/zonta.se\/lv\/for-medlemmar\/events\/februarimote-i-kungalvs-zontaklubb-skara-gardsbageri\/","title":{"rendered":"Kung\u00e4lvs Zonta kluba febru\u0101ra san\u0101ksme \u2013 Sk\u00e5ra saimniec\u012bbas maizn\u012bca"},"excerpt":{"rendered":"","protected":false},"featured_media":51612,"template":"","meta":{"_acf_changed":false},"class_list":["post-50312","events","type-events","status-publish","has-post-thumbnail","hentry"],"acf":[],"yoast_head":"<!-- This site is optimized with the Yoast SEO plugin v27.4 - https:\/\/yoast.com\/product\/yoast-seo-wordpress\/ -->\n<title>Februarim\u00f6te i Kung\u00e4lvs Zontaklubb - Sk\u00e5ra g\u00e5rdsbageri - Zonta Distrikt 21<\/title>\n<meta name=\"robots\" content=\"index, follow, max-snippet:-1, max-image-preview:large, max-video-preview:-1\" \/>\n<link rel=\"canonical\" href=\"https:\/\/zonta.se\/lv\/for-medlemmar\/events\/februarimote-i-kungalvs-zontaklubb-skara-gardsbageri\/\" \/>\n<meta property=\"og:locale\" content=\"lv_LV\" \/>\n<meta property=\"og:type\" content=\"article\" \/>\n<meta property=\"og:title\" content=\"Februarim\u00f6te i Kung\u00e4lvs Zontaklubb - Sk\u00e5ra g\u00e5rdsbageri - Zonta Distrikt 21\" \/>\n<meta property=\"og:url\" content=\"https:\/\/zonta.se\/lv\/for-medlemmar\/events\/februarimote-i-kungalvs-zontaklubb-skara-gardsbageri\/\" \/>\n<meta property=\"og:site_name\" content=\"Zonta Distrikt 21\" \/>\n<meta property=\"article:modified_time\" content=\"2025-12-14T10:23:04+00:00\" \/>\n<meta property=\"og:image\" content=\"https:\/\/zonta.se\/wp-content\/uploads\/2025\/02\/Skara-2026.webp\" \/>\n\t<meta property=\"og:image:width\" content=\"400\" \/>\n\t<meta property=\"og:image:height\" content=\"400\" \/>\n\t<meta property=\"og:image:type\" content=\"image\/webp\" \/>\n<meta name=\"twitter:card\" content=\"summary_large_image\" \/>\n<script type=\"application\/ld+json\" class=\"yoast-schema-graph\">{\"@context\":\"https:\\\/\\\/schema.org\",\"@graph\":[{\"@type\":\"WebPage\",\"@id\":\"https:\\\/\\\/zonta.se\\\/for-medlemmar\\\/events\\\/februarimote-i-kungalvs-zontaklubb-skara-gardsbageri\\\/\",\"url\":\"https:\\\/\\\/zonta.se\\\/for-medlemmar\\\/events\\\/februarimote-i-kungalvs-zontaklubb-skara-gardsbageri\\\/\",\"name\":\"Februarim\u00f6te i Kung\u00e4lvs Zontaklubb - Sk\u00e5ra g\u00e5rdsbageri - Zonta Distrikt 21\",\"isPartOf\":{\"@id\":\"https:\\\/\\\/zonta.se\\\/#website\"},\"primaryImageOfPage\":{\"@id\":\"https:\\\/\\\/zonta.se\\\/for-medlemmar\\\/events\\\/februarimote-i-kungalvs-zontaklubb-skara-gardsbageri\\\/#primaryimage\"},\"image\":{\"@id\":\"https:\\\/\\\/zonta.se\\\/for-medlemmar\\\/events\\\/februarimote-i-kungalvs-zontaklubb-skara-gardsbageri\\\/#primaryimage\"},\"thumbnailUrl\":\"https:\\\/\\\/zonta.se\\\/wp-content\\\/uploads\\\/2025\\\/02\\\/Skara-2026.webp\",\"datePublished\":\"2025-02-02T16:59:47+00:00\",\"dateModified\":\"2025-12-14T10:23:04+00:00\",\"breadcrumb\":{\"@id\":\"https:\\\/\\\/zonta.se\\\/for-medlemmar\\\/events\\\/februarimote-i-kungalvs-zontaklubb-skara-gardsbageri\\\/#breadcrumb\"},\"inLanguage\":\"lv-LV\",\"potentialAction\":[{\"@type\":\"ReadAction\",\"target\":[\"https:\\\/\\\/zonta.se\\\/for-medlemmar\\\/events\\\/februarimote-i-kungalvs-zontaklubb-skara-gardsbageri\\\/\"]}]},{\"@type\":\"ImageObject\",\"inLanguage\":\"lv-LV\",\"@id\":\"https:\\\/\\\/zonta.se\\\/for-medlemmar\\\/events\\\/februarimote-i-kungalvs-zontaklubb-skara-gardsbageri\\\/#primaryimage\",\"url\":\"https:\\\/\\\/zonta.se\\\/wp-content\\\/uploads\\\/2025\\\/02\\\/Skara-2026.webp\",\"contentUrl\":\"https:\\\/\\\/zonta.se\\\/wp-content\\\/uploads\\\/2025\\\/02\\\/Skara-2026.webp\",\"width\":400,\"height\":400},{\"@type\":\"BreadcrumbList\",\"@id\":\"https:\\\/\\\/zonta.se\\\/for-medlemmar\\\/events\\\/februarimote-i-kungalvs-zontaklubb-skara-gardsbageri\\\/#breadcrumb\",\"itemListElement\":[{\"@type\":\"ListItem\",\"position\":1,\"name\":\"Hem\",\"item\":\"https:\\\/\\\/zonta.se\\\/\"},{\"@type\":\"ListItem\",\"position\":2,\"name\":\"Februarim\u00f6te i Kung\u00e4lvs Zontaklubb &#8211; Sk\u00e5ra g\u00e5rdsbageri\"}]},{\"@type\":\"WebSite\",\"@id\":\"https:\\\/\\\/zonta.se\\\/#website\",\"url\":\"https:\\\/\\\/zonta.se\\\/\",\"name\":\"Zonta Distrikt 21\",\"description\":\"\",\"publisher\":{\"@id\":\"https:\\\/\\\/zonta.se\\\/#organization\"},\"potentialAction\":[{\"@type\":\"SearchAction\",\"target\":{\"@type\":\"EntryPoint\",\"urlTemplate\":\"https:\\\/\\\/zonta.se\\\/?s={search_term_string}\"},\"query-input\":{\"@type\":\"PropertyValueSpecification\",\"valueRequired\":true,\"valueName\":\"search_term_string\"}}],\"inLanguage\":\"lv-LV\"},{\"@type\":\"Organization\",\"@id\":\"https:\\\/\\\/zonta.se\\\/#organization\",\"name\":\"Zonta Distrikt 21\",\"url\":\"https:\\\/\\\/zonta.se\\\/\",\"logo\":{\"@type\":\"ImageObject\",\"inLanguage\":\"lv-LV\",\"@id\":\"https:\\\/\\\/zonta.se\\\/#\\\/schema\\\/logo\\\/image\\\/\",\"url\":\"https:\\\/\\\/zonta.se\\\/wp-content\\\/uploads\\\/2022\\\/09\\\/zonta-logo-color-1.svg\",\"contentUrl\":\"https:\\\/\\\/zonta.se\\\/wp-content\\\/uploads\\\/2022\\\/09\\\/zonta-logo-color-1.svg\",\"width\":1136,\"height\":355,\"caption\":\"Zonta Distrikt 21\"},\"image\":{\"@id\":\"https:\\\/\\\/zonta.se\\\/#\\\/schema\\\/logo\\\/image\\\/\"}}]}<\/script>\n<!-- \/ Yoast SEO plugin. -->","yoast_head_json":{"title":"Februarim\u00f6te i Kung\u00e4lvs Zontaklubb - Sk\u00e5ra g\u00e5rdsbageri - Zonta Distrikt 21","robots":{"index":"index","follow":"follow","max-snippet":"max-snippet:-1","max-image-preview":"max-image-preview:large","max-video-preview":"max-video-preview:-1"},"canonical":"https:\/\/zonta.se\/lv\/for-medlemmar\/events\/februarimote-i-kungalvs-zontaklubb-skara-gardsbageri\/","og_locale":"lv_LV","og_type":"article","og_title":"Februarim\u00f6te i Kung\u00e4lvs Zontaklubb - Sk\u00e5ra g\u00e5rdsbageri - Zonta Distrikt 21","og_url":"https:\/\/zonta.se\/lv\/for-medlemmar\/events\/februarimote-i-kungalvs-zontaklubb-skara-gardsbageri\/","og_site_name":"Zonta Distrikt 21","article_modified_time":"2025-12-14T10:23:04+00:00","og_image":[{"width":400,"height":400,"url":"https:\/\/zonta.se\/wp-content\/uploads\/2025\/02\/Skara-2026.webp","type":"image\/webp"}],"twitter_card":"summary_large_image","schema":{"@context":"https:\/\/schema.org","@graph":[{"@type":"WebPage","@id":"https:\/\/zonta.se\/for-medlemmar\/events\/februarimote-i-kungalvs-zontaklubb-skara-gardsbageri\/","url":"https:\/\/zonta.se\/for-medlemmar\/events\/februarimote-i-kungalvs-zontaklubb-skara-gardsbageri\/","name":"Februarim\u00f6te i Kung\u00e4lvs Zontaklubb - Sk\u00e5ra g\u00e5rdsbageri - Zonta Distrikt 21","isPartOf":{"@id":"https:\/\/zonta.se\/#website"},"primaryImageOfPage":{"@id":"https:\/\/zonta.se\/for-medlemmar\/events\/februarimote-i-kungalvs-zontaklubb-skara-gardsbageri\/#primaryimage"},"image":{"@id":"https:\/\/zonta.se\/for-medlemmar\/events\/februarimote-i-kungalvs-zontaklubb-skara-gardsbageri\/#primaryimage"},"thumbnailUrl":"https:\/\/zonta.se\/wp-content\/uploads\/2025\/02\/Skara-2026.webp","datePublished":"2025-02-02T16:59:47+00:00","dateModified":"2025-12-14T10:23:04+00:00","breadcrumb":{"@id":"https:\/\/zonta.se\/for-medlemmar\/events\/februarimote-i-kungalvs-zontaklubb-skara-gardsbageri\/#breadcrumb"},"inLanguage":"lv-LV","potentialAction":[{"@type":"ReadAction","target":["https:\/\/zonta.se\/for-medlemmar\/events\/februarimote-i-kungalvs-zontaklubb-skara-gardsbageri\/"]}]},{"@type":"ImageObject","inLanguage":"lv-LV","@id":"https:\/\/zonta.se\/for-medlemmar\/events\/februarimote-i-kungalvs-zontaklubb-skara-gardsbageri\/#primaryimage","url":"https:\/\/zonta.se\/wp-content\/uploads\/2025\/02\/Skara-2026.webp","contentUrl":"https:\/\/zonta.se\/wp-content\/uploads\/2025\/02\/Skara-2026.webp","width":400,"height":400},{"@type":"BreadcrumbList","@id":"https:\/\/zonta.se\/for-medlemmar\/events\/februarimote-i-kungalvs-zontaklubb-skara-gardsbageri\/#breadcrumb","itemListElement":[{"@type":"ListItem","position":1,"name":"Hem","item":"https:\/\/zonta.se\/"},{"@type":"ListItem","position":2,"name":"Februarim\u00f6te i Kung\u00e4lvs Zontaklubb &#8211; Sk\u00e5ra g\u00e5rdsbageri"}]},{"@type":"WebSite","@id":"https:\/\/zonta.se\/#website","url":"https:\/\/zonta.se\/","name":"Zontas rajons 21","description":"","publisher":{"@id":"https:\/\/zonta.se\/#organization"},"potentialAction":[{"@type":"SearchAction","target":{"@type":"EntryPoint","urlTemplate":"https:\/\/zonta.se\/?s={search_term_string}"},"query-input":{"@type":"PropertyValueSpecification","valueRequired":true,"valueName":"search_term_string"}}],"inLanguage":"lv-LV"},{"@type":"Organization","@id":"https:\/\/zonta.se\/#organization","name":"Zontas rajons 21","url":"https:\/\/zonta.se\/","logo":{"@type":"ImageObject","inLanguage":"lv-LV","@id":"https:\/\/zonta.se\/#\/schema\/logo\/image\/","url":"https:\/\/zonta.se\/wp-content\/uploads\/2022\/09\/zonta-logo-color-1.svg","contentUrl":"https:\/\/zonta.se\/wp-content\/uploads\/2022\/09\/zonta-logo-color-1.svg","width":1136,"height":355,"caption":"Zonta Distrikt 21"},"image":{"@id":"https:\/\/zonta.se\/#\/schema\/logo\/image\/"}}]}},"_links":{"self":[{"href":"https:\/\/zonta.se\/lv\/wp-json\/wp\/v2\/events\/50312","targetHints":{"allow":["GET"]}}],"collection":[{"href":"https:\/\/zonta.se\/lv\/wp-json\/wp\/v2\/events"}],"about":[{"href":"https:\/\/zonta.se\/lv\/wp-json\/wp\/v2\/types\/events"}],"wp:featuredmedia":[{"embeddable":true,"href":"https:\/\/zonta.se\/lv\/wp-json\/wp\/v2\/media\/51612"}],"wp:attachment":[{"href":"https:\/\/zonta.se\/lv\/wp-json\/wp\/v2\/media?parent=50312"}],"curies":[{"name":"wp","href":"https:\/\/api.w.org\/{rel}","templated":true}]}}

Kungälvs Zonta kluba februāra sanāksme – Skåra saimniecības maiznīca

<!-- This site is optimized with the Yoast SEO plugin v27.4 - https://yoast.com/product/yoast-seo-wordpress/ -->
<title>Februarimöte i Kungälvs Zontaklubb - Skåra gårdsbageri - Zonta Distrikt 21</title>
<meta name="robots" content="index, follow, max-snippet:-1, max-image-preview:large, max-video-preview:-1" />
<link rel="canonical" href="https://zonta.se/lv/for-medlemmar/events/februarimote-i-kungalvs-zontaklubb-skara-gardsbageri/" />
<meta property="og:locale" content="lv_LV" />
<meta property="og:type" content="article" />
<meta property="og:title" content="Februarimöte i Kungälvs Zontaklubb - Skåra gårdsbageri - Zonta Distrikt 21" />
<meta property="og:url" content="https://zonta.se/lv/for-medlemmar/events/februarimote-i-kungalvs-zontaklubb-skara-gardsbageri/" />
<meta property="og:site_name" content="Zonta Distrikt 21" />
<meta property="article:modified_time" content="2025-12-14T10:23:04+00:00" />
<meta property="og:image" content="https://zonta.se/wp-content/uploads/2025/02/Skara-2026.webp" />
	<meta property="og:image:width" content="400" />
	<meta property="og:image:height" content="400" />
	<meta property="og:image:type" content="image/webp" />
<meta name="twitter:card" content="summary_large_image" />
<script type="application/ld+json" class="yoast-schema-graph">{"@context":"https:\/\/schema.org","@graph":[{"@type":"WebPage","@id":"https:\/\/zonta.se\/for-medlemmar\/events\/februarimote-i-kungalvs-zontaklubb-skara-gardsbageri\/","url":"https:\/\/zonta.se\/for-medlemmar\/events\/februarimote-i-kungalvs-zontaklubb-skara-gardsbageri\/","name":"Februarimöte i Kungälvs Zontaklubb - Skåra gårdsbageri - Zonta Distrikt 21","isPartOf":{"@id":"https:\/\/zonta.se\/#website"},"primaryImageOfPage":{"@id":"https:\/\/zonta.se\/for-medlemmar\/events\/februarimote-i-kungalvs-zontaklubb-skara-gardsbageri\/#primaryimage"},"image":{"@id":"https:\/\/zonta.se\/for-medlemmar\/events\/februarimote-i-kungalvs-zontaklubb-skara-gardsbageri\/#primaryimage"},"thumbnailUrl":"https:\/\/zonta.se\/wp-content\/uploads\/2025\/02\/Skara-2026.webp","datePublished":"2025-02-02T16:59:47+00:00","dateModified":"2025-12-14T10:23:04+00:00","breadcrumb":{"@id":"https:\/\/zonta.se\/for-medlemmar\/events\/februarimote-i-kungalvs-zontaklubb-skara-gardsbageri\/#breadcrumb"},"inLanguage":"lv-LV","potentialAction":[{"@type":"ReadAction","target":["https:\/\/zonta.se\/for-medlemmar\/events\/februarimote-i-kungalvs-zontaklubb-skara-gardsbageri\/"]}]},{"@type":"ImageObject","inLanguage":"lv-LV","@id":"https:\/\/zonta.se\/for-medlemmar\/events\/februarimote-i-kungalvs-zontaklubb-skara-gardsbageri\/#primaryimage","url":"https:\/\/zonta.se\/wp-content\/uploads\/2025\/02\/Skara-2026.webp","contentUrl":"https:\/\/zonta.se\/wp-content\/uploads\/2025\/02\/Skara-2026.webp","width":400,"height":400},{"@type":"BreadcrumbList","@id":"https:\/\/zonta.se\/for-medlemmar\/events\/februarimote-i-kungalvs-zontaklubb-skara-gardsbageri\/#breadcrumb","itemListElement":[{"@type":"ListItem","position":1,"name":"Hem","item":"https:\/\/zonta.se\/"},{"@type":"ListItem","position":2,"name":"Februarimöte i Kungälvs Zontaklubb &#8211; Skåra gårdsbageri"}]},{"@type":"WebSite","@id":"https:\/\/zonta.se\/#website","url":"https:\/\/zonta.se\/","name":"Zonta Distrikt 21","description":"","publisher":{"@id":"https:\/\/zonta.se\/#organization"},"potentialAction":[{"@type":"SearchAction","target":{"@type":"EntryPoint","urlTemplate":"https:\/\/zonta.se\/?s={search_term_string}"},"query-input":{"@type":"PropertyValueSpecification","valueRequired":true,"valueName":"search_term_string"}}],"inLanguage":"lv-LV"},{"@type":"Organization","@id":"https:\/\/zonta.se\/#organization","name":"Zonta Distrikt 21","url":"https:\/\/zonta.se\/","logo":{"@type":"ImageObject","inLanguage":"lv-LV","@id":"https:\/\/zonta.se\/#\/schema\/logo\/image\/","url":"https:\/\/zonta.se\/wp-content\/uploads\/2022\/09\/zonta-logo-color-1.svg","contentUrl":"https:\/\/zonta.se\/wp-content\/uploads\/2022\/09\/zonta-logo-color-1.svg","width":1136,"height":355,"caption":"Zonta Distrikt 21"},"image":{"@id":"https:\/\/zonta.se\/#\/schema\/logo\/image\/"}}]}</script>
<!-- / Yoast SEO plugin. -->

Februarimöte i Kungälvs Zontaklubb - Skåra gårdsbageri - Zonta Distrikt 21

Februarimöte i Kungälvs Zontaklubb &#8211; Skåra gårdsbageri
