{"id":50551,"date":"2025-03-27T15:19:26","date_gmt":"2025-03-27T14:19:26","guid":{"rendered":"https:\/\/zonta.se\/?post_type=events&#038;p=50551"},"modified":"2025-03-31T11:20:30","modified_gmt":"2025-03-31T09:20:30","slug":"vikten-av-att-ta-plats-handelskammarens-vd-forelaser-samt-klubbmote","status":"publish","type":"events","link":"https:\/\/zonta.se\/lv\/for-medlemmar\/events\/vikten-av-att-ta-plats-handelskammarens-vd-forelaser-samt-klubbmote\/","title":{"rendered":"&quot;S\u0113dek\u013ca ie\u0146em\u0161anas noz\u012bme&quot; Tirdzniec\u012bbas kameras izpilddirektora lekcijas un kluba san\u0101ksme"},"excerpt":{"rendered":"","protected":false},"featured_media":50567,"template":"","meta":{"_acf_changed":false},"class_list":["post-50551","events","type-events","status-publish","has-post-thumbnail","hentry"],"acf":[],"yoast_head":"<!-- This site is optimized with the Yoast SEO plugin v27.4 - https:\/\/yoast.com\/product\/yoast-seo-wordpress\/ -->\n<title>&quot;Vikten av att ta plats&quot; Handelskammarens VD f\u00f6rel\u00e4ser samt klubbm\u00f6te - Zonta Distrikt 21<\/title>\n<meta name=\"robots\" content=\"index, follow, max-snippet:-1, max-image-preview:large, max-video-preview:-1\" \/>\n<link rel=\"canonical\" href=\"https:\/\/zonta.se\/lv\/for-medlemmar\/events\/vikten-av-att-ta-plats-handelskammarens-vd-forelaser-samt-klubbmote\/\" \/>\n<meta property=\"og:locale\" content=\"lv_LV\" \/>\n<meta property=\"og:type\" content=\"article\" \/>\n<meta property=\"og:title\" content=\"&quot;Vikten av att ta plats&quot; Handelskammarens VD f\u00f6rel\u00e4ser samt klubbm\u00f6te - Zonta Distrikt 21\" \/>\n<meta property=\"og:url\" content=\"https:\/\/zonta.se\/lv\/for-medlemmar\/events\/vikten-av-att-ta-plats-handelskammarens-vd-forelaser-samt-klubbmote\/\" \/>\n<meta property=\"og:site_name\" content=\"Zonta Distrikt 21\" \/>\n<meta property=\"article:modified_time\" content=\"2025-03-31T09:20:30+00:00\" \/>\n<meta property=\"og:image\" content=\"https:\/\/zonta.se\/wp-content\/uploads\/2025\/03\/Handelskammaren-Varmland.png\" \/>\n\t<meta property=\"og:image:width\" content=\"327\" \/>\n\t<meta property=\"og:image:height\" content=\"154\" \/>\n\t<meta property=\"og:image:type\" content=\"image\/png\" \/>\n<meta name=\"twitter:card\" content=\"summary_large_image\" \/>\n<script type=\"application\/ld+json\" class=\"yoast-schema-graph\">{\"@context\":\"https:\\\/\\\/schema.org\",\"@graph\":[{\"@type\":\"WebPage\",\"@id\":\"https:\\\/\\\/zonta.se\\\/for-medlemmar\\\/events\\\/vikten-av-att-ta-plats-handelskammarens-vd-forelaser-samt-klubbmote\\\/\",\"url\":\"https:\\\/\\\/zonta.se\\\/for-medlemmar\\\/events\\\/vikten-av-att-ta-plats-handelskammarens-vd-forelaser-samt-klubbmote\\\/\",\"name\":\"\\\"Vikten av att ta plats\\\" Handelskammarens VD f\u00f6rel\u00e4ser samt klubbm\u00f6te - Zonta Distrikt 21\",\"isPartOf\":{\"@id\":\"https:\\\/\\\/zonta.se\\\/#website\"},\"primaryImageOfPage\":{\"@id\":\"https:\\\/\\\/zonta.se\\\/for-medlemmar\\\/events\\\/vikten-av-att-ta-plats-handelskammarens-vd-forelaser-samt-klubbmote\\\/#primaryimage\"},\"image\":{\"@id\":\"https:\\\/\\\/zonta.se\\\/for-medlemmar\\\/events\\\/vikten-av-att-ta-plats-handelskammarens-vd-forelaser-samt-klubbmote\\\/#primaryimage\"},\"thumbnailUrl\":\"https:\\\/\\\/zonta.se\\\/wp-content\\\/uploads\\\/2025\\\/03\\\/Handelskammaren-Varmland.png\",\"datePublished\":\"2025-03-27T14:19:26+00:00\",\"dateModified\":\"2025-03-31T09:20:30+00:00\",\"breadcrumb\":{\"@id\":\"https:\\\/\\\/zonta.se\\\/for-medlemmar\\\/events\\\/vikten-av-att-ta-plats-handelskammarens-vd-forelaser-samt-klubbmote\\\/#breadcrumb\"},\"inLanguage\":\"lv-LV\",\"potentialAction\":[{\"@type\":\"ReadAction\",\"target\":[\"https:\\\/\\\/zonta.se\\\/for-medlemmar\\\/events\\\/vikten-av-att-ta-plats-handelskammarens-vd-forelaser-samt-klubbmote\\\/\"]}]},{\"@type\":\"ImageObject\",\"inLanguage\":\"lv-LV\",\"@id\":\"https:\\\/\\\/zonta.se\\\/for-medlemmar\\\/events\\\/vikten-av-att-ta-plats-handelskammarens-vd-forelaser-samt-klubbmote\\\/#primaryimage\",\"url\":\"https:\\\/\\\/zonta.se\\\/wp-content\\\/uploads\\\/2025\\\/03\\\/Handelskammaren-Varmland.png\",\"contentUrl\":\"https:\\\/\\\/zonta.se\\\/wp-content\\\/uploads\\\/2025\\\/03\\\/Handelskammaren-Varmland.png\",\"width\":327,\"height\":154},{\"@type\":\"BreadcrumbList\",\"@id\":\"https:\\\/\\\/zonta.se\\\/for-medlemmar\\\/events\\\/vikten-av-att-ta-plats-handelskammarens-vd-forelaser-samt-klubbmote\\\/#breadcrumb\",\"itemListElement\":[{\"@type\":\"ListItem\",\"position\":1,\"name\":\"Hem\",\"item\":\"https:\\\/\\\/zonta.se\\\/\"},{\"@type\":\"ListItem\",\"position\":2,\"name\":\"&#8221;Vikten av att ta plats&#8221; Handelskammarens VD f\u00f6rel\u00e4ser samt klubbm\u00f6te\"}]},{\"@type\":\"WebSite\",\"@id\":\"https:\\\/\\\/zonta.se\\\/#website\",\"url\":\"https:\\\/\\\/zonta.se\\\/\",\"name\":\"Zonta Distrikt 21\",\"description\":\"\",\"publisher\":{\"@id\":\"https:\\\/\\\/zonta.se\\\/#organization\"},\"potentialAction\":[{\"@type\":\"SearchAction\",\"target\":{\"@type\":\"EntryPoint\",\"urlTemplate\":\"https:\\\/\\\/zonta.se\\\/?s={search_term_string}\"},\"query-input\":{\"@type\":\"PropertyValueSpecification\",\"valueRequired\":true,\"valueName\":\"search_term_string\"}}],\"inLanguage\":\"lv-LV\"},{\"@type\":\"Organization\",\"@id\":\"https:\\\/\\\/zonta.se\\\/#organization\",\"name\":\"Zonta Distrikt 21\",\"url\":\"https:\\\/\\\/zonta.se\\\/\",\"logo\":{\"@type\":\"ImageObject\",\"inLanguage\":\"lv-LV\",\"@id\":\"https:\\\/\\\/zonta.se\\\/#\\\/schema\\\/logo\\\/image\\\/\",\"url\":\"https:\\\/\\\/zonta.se\\\/wp-content\\\/uploads\\\/2022\\\/09\\\/zonta-logo-color-1.svg\",\"contentUrl\":\"https:\\\/\\\/zonta.se\\\/wp-content\\\/uploads\\\/2022\\\/09\\\/zonta-logo-color-1.svg\",\"width\":1136,\"height\":355,\"caption\":\"Zonta Distrikt 21\"},\"image\":{\"@id\":\"https:\\\/\\\/zonta.se\\\/#\\\/schema\\\/logo\\\/image\\\/\"}}]}<\/script>\n<!-- \/ Yoast SEO plugin. -->","yoast_head_json":{"title":"\"Vikten av att ta plats\" Handelskammarens VD f\u00f6rel\u00e4ser samt klubbm\u00f6te - Zonta Distrikt 21","robots":{"index":"index","follow":"follow","max-snippet":"max-snippet:-1","max-image-preview":"max-image-preview:large","max-video-preview":"max-video-preview:-1"},"canonical":"https:\/\/zonta.se\/lv\/for-medlemmar\/events\/vikten-av-att-ta-plats-handelskammarens-vd-forelaser-samt-klubbmote\/","og_locale":"lv_LV","og_type":"article","og_title":"\"Vikten av att ta plats\" Handelskammarens VD f\u00f6rel\u00e4ser samt klubbm\u00f6te - Zonta Distrikt 21","og_url":"https:\/\/zonta.se\/lv\/for-medlemmar\/events\/vikten-av-att-ta-plats-handelskammarens-vd-forelaser-samt-klubbmote\/","og_site_name":"Zonta Distrikt 21","article_modified_time":"2025-03-31T09:20:30+00:00","og_image":[{"width":327,"height":154,"url":"https:\/\/zonta.se\/wp-content\/uploads\/2025\/03\/Handelskammaren-Varmland.png","type":"image\/png"}],"twitter_card":"summary_large_image","schema":{"@context":"https:\/\/schema.org","@graph":[{"@type":"WebPage","@id":"https:\/\/zonta.se\/for-medlemmar\/events\/vikten-av-att-ta-plats-handelskammarens-vd-forelaser-samt-klubbmote\/","url":"https:\/\/zonta.se\/for-medlemmar\/events\/vikten-av-att-ta-plats-handelskammarens-vd-forelaser-samt-klubbmote\/","name":"\"Vikten av att ta plats\" Handelskammarens VD f\u00f6rel\u00e4ser samt klubbm\u00f6te - Zonta Distrikt 21","isPartOf":{"@id":"https:\/\/zonta.se\/#website"},"primaryImageOfPage":{"@id":"https:\/\/zonta.se\/for-medlemmar\/events\/vikten-av-att-ta-plats-handelskammarens-vd-forelaser-samt-klubbmote\/#primaryimage"},"image":{"@id":"https:\/\/zonta.se\/for-medlemmar\/events\/vikten-av-att-ta-plats-handelskammarens-vd-forelaser-samt-klubbmote\/#primaryimage"},"thumbnailUrl":"https:\/\/zonta.se\/wp-content\/uploads\/2025\/03\/Handelskammaren-Varmland.png","datePublished":"2025-03-27T14:19:26+00:00","dateModified":"2025-03-31T09:20:30+00:00","breadcrumb":{"@id":"https:\/\/zonta.se\/for-medlemmar\/events\/vikten-av-att-ta-plats-handelskammarens-vd-forelaser-samt-klubbmote\/#breadcrumb"},"inLanguage":"lv-LV","potentialAction":[{"@type":"ReadAction","target":["https:\/\/zonta.se\/for-medlemmar\/events\/vikten-av-att-ta-plats-handelskammarens-vd-forelaser-samt-klubbmote\/"]}]},{"@type":"ImageObject","inLanguage":"lv-LV","@id":"https:\/\/zonta.se\/for-medlemmar\/events\/vikten-av-att-ta-plats-handelskammarens-vd-forelaser-samt-klubbmote\/#primaryimage","url":"https:\/\/zonta.se\/wp-content\/uploads\/2025\/03\/Handelskammaren-Varmland.png","contentUrl":"https:\/\/zonta.se\/wp-content\/uploads\/2025\/03\/Handelskammaren-Varmland.png","width":327,"height":154},{"@type":"BreadcrumbList","@id":"https:\/\/zonta.se\/for-medlemmar\/events\/vikten-av-att-ta-plats-handelskammarens-vd-forelaser-samt-klubbmote\/#breadcrumb","itemListElement":[{"@type":"ListItem","position":1,"name":"Hem","item":"https:\/\/zonta.se\/"},{"@type":"ListItem","position":2,"name":"&#8221;Vikten av att ta plats&#8221; Handelskammarens VD f\u00f6rel\u00e4ser samt klubbm\u00f6te"}]},{"@type":"WebSite","@id":"https:\/\/zonta.se\/#website","url":"https:\/\/zonta.se\/","name":"Zontas rajons 21","description":"","publisher":{"@id":"https:\/\/zonta.se\/#organization"},"potentialAction":[{"@type":"SearchAction","target":{"@type":"EntryPoint","urlTemplate":"https:\/\/zonta.se\/?s={search_term_string}"},"query-input":{"@type":"PropertyValueSpecification","valueRequired":true,"valueName":"search_term_string"}}],"inLanguage":"lv-LV"},{"@type":"Organization","@id":"https:\/\/zonta.se\/#organization","name":"Zontas rajons 21","url":"https:\/\/zonta.se\/","logo":{"@type":"ImageObject","inLanguage":"lv-LV","@id":"https:\/\/zonta.se\/#\/schema\/logo\/image\/","url":"https:\/\/zonta.se\/wp-content\/uploads\/2022\/09\/zonta-logo-color-1.svg","contentUrl":"https:\/\/zonta.se\/wp-content\/uploads\/2022\/09\/zonta-logo-color-1.svg","width":1136,"height":355,"caption":"Zonta Distrikt 21"},"image":{"@id":"https:\/\/zonta.se\/#\/schema\/logo\/image\/"}}]}},"_links":{"self":[{"href":"https:\/\/zonta.se\/lv\/wp-json\/wp\/v2\/events\/50551","targetHints":{"allow":["GET"]}}],"collection":[{"href":"https:\/\/zonta.se\/lv\/wp-json\/wp\/v2\/events"}],"about":[{"href":"https:\/\/zonta.se\/lv\/wp-json\/wp\/v2\/types\/events"}],"wp:featuredmedia":[{"embeddable":true,"href":"https:\/\/zonta.se\/lv\/wp-json\/wp\/v2\/media\/50567"}],"wp:attachment":[{"href":"https:\/\/zonta.se\/lv\/wp-json\/wp\/v2\/media?parent=50551"}],"curies":[{"name":"wp","href":"https:\/\/api.w.org\/{rel}","templated":true}]}}

&quot;Sēdekļa ieņemšanas nozīme&quot; Tirdzniecības kameras izpilddirektora lekcijas un kluba sanāksme

<!-- This site is optimized with the Yoast SEO plugin v27.4 - https://yoast.com/product/yoast-seo-wordpress/ -->
<title>&quot;Vikten av att ta plats&quot; Handelskammarens VD föreläser samt klubbmöte - Zonta Distrikt 21</title>
<meta name="robots" content="index, follow, max-snippet:-1, max-image-preview:large, max-video-preview:-1" />
<link rel="canonical" href="https://zonta.se/lv/for-medlemmar/events/vikten-av-att-ta-plats-handelskammarens-vd-forelaser-samt-klubbmote/" />
<meta property="og:locale" content="lv_LV" />
<meta property="og:type" content="article" />
<meta property="og:title" content="&quot;Vikten av att ta plats&quot; Handelskammarens VD föreläser samt klubbmöte - Zonta Distrikt 21" />
<meta property="og:url" content="https://zonta.se/lv/for-medlemmar/events/vikten-av-att-ta-plats-handelskammarens-vd-forelaser-samt-klubbmote/" />
<meta property="og:site_name" content="Zonta Distrikt 21" />
<meta property="article:modified_time" content="2025-03-31T09:20:30+00:00" />
<meta property="og:image" content="https://zonta.se/wp-content/uploads/2025/03/Handelskammaren-Varmland.png" />
	<meta property="og:image:width" content="327" />
	<meta property="og:image:height" content="154" />
	<meta property="og:image:type" content="image/png" />
<meta name="twitter:card" content="summary_large_image" />
<script type="application/ld+json" class="yoast-schema-graph">{"@context":"https:\/\/schema.org","@graph":[{"@type":"WebPage","@id":"https:\/\/zonta.se\/for-medlemmar\/events\/vikten-av-att-ta-plats-handelskammarens-vd-forelaser-samt-klubbmote\/","url":"https:\/\/zonta.se\/for-medlemmar\/events\/vikten-av-att-ta-plats-handelskammarens-vd-forelaser-samt-klubbmote\/","name":"\"Vikten av att ta plats\" Handelskammarens VD föreläser samt klubbmöte - Zonta Distrikt 21","isPartOf":{"@id":"https:\/\/zonta.se\/#website"},"primaryImageOfPage":{"@id":"https:\/\/zonta.se\/for-medlemmar\/events\/vikten-av-att-ta-plats-handelskammarens-vd-forelaser-samt-klubbmote\/#primaryimage"},"image":{"@id":"https:\/\/zonta.se\/for-medlemmar\/events\/vikten-av-att-ta-plats-handelskammarens-vd-forelaser-samt-klubbmote\/#primaryimage"},"thumbnailUrl":"https:\/\/zonta.se\/wp-content\/uploads\/2025\/03\/Handelskammaren-Varmland.png","datePublished":"2025-03-27T14:19:26+00:00","dateModified":"2025-03-31T09:20:30+00:00","breadcrumb":{"@id":"https:\/\/zonta.se\/for-medlemmar\/events\/vikten-av-att-ta-plats-handelskammarens-vd-forelaser-samt-klubbmote\/#breadcrumb"},"inLanguage":"lv-LV","potentialAction":[{"@type":"ReadAction","target":["https:\/\/zonta.se\/for-medlemmar\/events\/vikten-av-att-ta-plats-handelskammarens-vd-forelaser-samt-klubbmote\/"]}]},{"@type":"ImageObject","inLanguage":"lv-LV","@id":"https:\/\/zonta.se\/for-medlemmar\/events\/vikten-av-att-ta-plats-handelskammarens-vd-forelaser-samt-klubbmote\/#primaryimage","url":"https:\/\/zonta.se\/wp-content\/uploads\/2025\/03\/Handelskammaren-Varmland.png","contentUrl":"https:\/\/zonta.se\/wp-content\/uploads\/2025\/03\/Handelskammaren-Varmland.png","width":327,"height":154},{"@type":"BreadcrumbList","@id":"https:\/\/zonta.se\/for-medlemmar\/events\/vikten-av-att-ta-plats-handelskammarens-vd-forelaser-samt-klubbmote\/#breadcrumb","itemListElement":[{"@type":"ListItem","position":1,"name":"Hem","item":"https:\/\/zonta.se\/"},{"@type":"ListItem","position":2,"name":"&#8221;Vikten av att ta plats&#8221; Handelskammarens VD föreläser samt klubbmöte"}]},{"@type":"WebSite","@id":"https:\/\/zonta.se\/#website","url":"https:\/\/zonta.se\/","name":"Zonta Distrikt 21","description":"","publisher":{"@id":"https:\/\/zonta.se\/#organization"},"potentialAction":[{"@type":"SearchAction","target":{"@type":"EntryPoint","urlTemplate":"https:\/\/zonta.se\/?s={search_term_string}"},"query-input":{"@type":"PropertyValueSpecification","valueRequired":true,"valueName":"search_term_string"}}],"inLanguage":"lv-LV"},{"@type":"Organization","@id":"https:\/\/zonta.se\/#organization","name":"Zonta Distrikt 21","url":"https:\/\/zonta.se\/","logo":{"@type":"ImageObject","inLanguage":"lv-LV","@id":"https:\/\/zonta.se\/#\/schema\/logo\/image\/","url":"https:\/\/zonta.se\/wp-content\/uploads\/2022\/09\/zonta-logo-color-1.svg","contentUrl":"https:\/\/zonta.se\/wp-content\/uploads\/2022\/09\/zonta-logo-color-1.svg","width":1136,"height":355,"caption":"Zonta Distrikt 21"},"image":{"@id":"https:\/\/zonta.se\/#\/schema\/logo\/image\/"}}]}</script>
<!-- / Yoast SEO plugin. -->

"Vikten av att ta plats" Handelskammarens VD föreläser samt klubbmöte - Zonta Distrikt 21

&#8221;Vikten av att ta plats&#8221; Handelskammarens VD föreläser samt klubbmöte
